t a be k(18). Let g = a - 19. What is the remainder when g is divided by b?
3
Let r = 274 + -187. Suppose 2*p + 4*h = -p + 59, -5*p - 3*h + 80 = 0. Suppose -5*x + r = -p. Calculate the remainder when x is divided by 8.
4
Suppose -1161 + 261 = -15*u. Calculate the remainder when 237 is divided by u.
57
Suppose 2*f = -5*c - 214, 234 = -4*f - c - 158. Let d = f + 124. Calculate the remainder when d is divided by 15.
12
Let x(b) = 6*b - 18. Suppose -u + 37 = 3*l - l, -3*l + u + 53 = 0. What is the remainder when x(5) is divided by (-24)/10*(-60)/l?
4
Let n be (-1 + 9)*(0 - (-10)/4). Let m = n - 11. Calculate the remainder when 26 is divided by m.
8
Suppose 16*x = 3173 - 5. What is the remainder when x is divided by 19?
8
Let d = -1950 + 1980. Calculate the remainder when d is divided by 17.
13
Suppose -2*s + 379 = 5*l, -4*l + 171 = s - 20. What is the remainder when s is divided by 60?
7
Suppose 2*i = -0*i. Let w be (0 - -2) + i + 1. Suppose -w*a - 4*d = -17, 29 + 27 = 4*a - 3*d. Calculate the remainder when 21 is divided by a.
10
Suppose 41*r - 45*r = -612. Suppose -d + n = 3*d - 165, 5*n + r = 4*d. What is the remainder when d is divided by 11?
9
Suppose 45*z - 61*z + 656 = 0. Calculate the remainder when 283 is divided by z.
37
Let h be (-4)/(-1) + 1 + 1. Suppose 9*w - h*w - 18 = 0. Let x(q) = q**3 - 4*q**2 - 8*q - 5. Calculate the remainder when 37 is divided by x(w).
18
Suppose 3*l + 31 = 4*k - 817, 615 = 3*k + 3*l. What is the remainder when k is divided by 30?
29
Let j(h) = 78*h + 5371. Calculate the remainder when j(-67) is divided by -2 + (-1*46)/(-2).
19
Suppose 0 = -2*g - 2*g - 3*k + 57, -4*g + 56 = 4*k. What is the remainder when ((-12)/18)/((-1835)/(-615) - 3) is divided by g?
11
Let w = 156 - 128. Calculate the remainder when 921 is divided by w.
25
Let g(r) = -r**2. Let v be g(0). Suppose v = 4*c + 8 - 24. Calculate the remainder when c is divided by 3.
1
Let x(g) = 4*g + g**3 + 0 - 5 + 4 + 4*g - 6*g**2. What is the remainder when x(6) is divided by 9?
2
Suppose 12*k = -23*k + 1645. What is the remainder when k is divided by 25?
22
Let x = -121 - -140. Calculate the remainder when 168 is divided by x.
16
Suppose -3*w = 0, 0 = 5*v + 3*w - 14 - 46. Let b = v - 12. Suppose b = -l + 4*l - 90. What is the remainder when l is divided by 11?
8
Let v(o) be the third derivative of o**5/60 + 5*o**4/24 - o**3/6 - 4*o**2. Let j be v(-5). What is the remainder when (-61)/(-4) - j/(-4) is divided by 9?
6
Let t = 54 - 16. Calculate the remainder when (t/(-95))/(2/(-10)) is divided by 2.
0
Let h = 8 - 4. Let s = -627 + 633. What is the remainder when s is divided by h?
2
Let p = 5 + -1. Let c = 125 + -179. Let t = c - -63. Calculate the remainder when t is divided by p.
1
Suppose 0*h = h - 37. Let k = 105 + -99. What is the remainder when k/39 + 19090/130 is divided by h?
36
Let h = 40 - -11. Suppose 2*p = p + 3. Suppose -2*b = -p*b + 18. Calculate the remainder when h is divided by b.
15
Let n = -15 + 43. Let r = n + -6. What is the remainder when r is divided by 5?
2
Let c be -1*2*(-243)/(-6). Let h = c + 96. What is the remainder when h is divided by 6?
3
Let b(f) = 4*f**3 + 4*f - 16. Calculate the remainder when 89 is divided by b(2).
17
Let s(x) = -24*x - 730. Calculate the remainder when s(-39) is divided by 15.
11
Calculate the remainder when 215 is divided by (-284)/(-4) - 20/5.
14
Let t(f) = -f**3 - 33*f**2 + f + 39. What is the remainder when 62 is divided by t(-33)?
2
Let f(z) = -10*z + 20. What is the remainder when 206 is divided by f(0)?
6
Calculate the remainder when 188 is divided by (1 - 7/3)*(15 - 63).
60
Suppose 5*m - 34 - 186 = 0. Suppose -c - 34 = -m. Suppose 5*r = c + 50. What is the remainder when r is divided by 7?
5
Let t be 316 - (8/4)/2. Suppose 3*j = 10*j - t. Calculate the remainder when j is divided by 17.
11
Let q = 198 - 172. What is the remainder when 96 is divided by q?
18
Suppose -2*b = 11 - 19. Suppose b*s = 480 + 76. Calculate the remainder when s is divided by 35.
34
Let b = 109 + -55. Suppose 5*c + r = 4, -c - 5*r - 8 = -4*c. Suppose 4*h + 115 = 5*x, -x - 3*h = -c - 3. What is the remainder when b is divided by x?
16
Let i(n) be the second derivative of -1/2*n**3 + 3*n**2 + 0 + 11*n. Calculate the remainder when 117 is divided by i(-8).
27
Suppose 132 = 4*x - 4*y, 5*y + 27 = x - 2. What is the remainder when 74 is divided by x?
6
Calculate the remainder when 196/3*(-159)/(-106) is divided by 34.
30
Suppose -5*y + 27 = -f + 7, -4*f = 20. What is the remainder when 7 is divided by y?
1
Let f(u) = -3*u**3 - u - 6. What is the remainder when 178 is divided by f(-2)?
18
Let m be 3/(1*(-2)/14). What is the remainder when 13 is divided by (m/7)/((-6)/14 + 0)?
6
Let f = -2 - -2. Let c = -38 + 42. Suppose 5*z - c - 61 = f. What is the remainder when 75 is divided by z?
10
Suppose -x = -0*x - 33. Suppose 0 = -2*j + 3*j - 20. Suppose -j = 4*d - 56. Calculate the remainder when x is divided by d.
6
Let p(o) be the third derivative of o**5/60 + o**4/24 - 3*o**3/2 - 24*o**2. What is the remainder when 54 is divided by p(4)?
10
Let n = 101 - 39. What is the remainder when n is divided by 18?
8
Suppose 2*n = -27*n + 11107. Calculate the remainder when n is divided by 77.
75
Suppose 0 = -3*o - 5*n + 19, 2*n + 0 + 2 = 0. Calculate the remainder when o is divided by 312/(-156) - (0 - 5).
2
Let t(d) = -d - 5. Let o be t(12). Let k = o - -8. What is the remainder when k/(-4)*(-272)/(-6) is divided by 21?
18
Let y = 8 + -5. Suppose -2*v + 330 = 2*u + 2*u, -306 = -2*v + 2*u. Suppose c = -3*w + 127 + 42, v = y*w - 2*c. What is the remainder when w is divided by 14?
13
Let i = 629 - 417. Calculate the remainder when i is divided by 108.
104
What is the remainder when (-8)/((2/292)/(40/(-80))) is divided by 49?
45
Let q(k) = -k**3 - k**2 + k + 1. Let b be (-4)/2 - 15/(-15). Let a(z) = 7*z**2 - z. Let r(w) = b*q(w) + a(w). What is the remainder when 59 is divided by r(-8)?
14
Let i be ((-3)/1 + 0)*-1. Let b = 1481 + -1418. What is the remainder when b is divided by (4 - 1)/i + 15?
15
What is the remainder when 1390/(-15)*(4 + 44/(-8)) is divided by 14?
13
Let s(u) = -u**3 + 8*u**2 - 8*u + 2. Let h(p) be the second derivative of p**3/6 - p**2 + 3*p. What is the remainder when s(2) is divided by h(5)?
1
Let p = 13 - 7. What is the remainder when (-9)/(-1) - (-62 - -36) is divided by p?
5
Let c = 43 - 25. Let b(l) = l**3 - 18*l**2 + 4. What is the remainder when 25 is divided by b(c)?
1
Let j be 46/10 - -4*(-2)/(-20). Suppose 4*c + 3*o - 84 = 0, j*c + 3*o = 103 + 2. Calculate the remainder when c is divided by 11.
10
Let b = 1 - -2. Let d(z) be the second derivative of z**3/3 - 13*z**2/2 + 7*z. Calculate the remainder when b is divided by d(7).
0
Let y be 5/(-1)*(-8)/(-10). What is the remainder when (0 + 0 - -23) + -3 - 1 is divided by 7/(-2)*(y + 2)?
5
Suppose 4*h - 182 = 342. Suppose 3*b - 54 = -15*b. Suppose -3*l - 3*i = -96, -l = 3*l + b*i - h. What is the remainder when l is divided by 12?
11
Suppose 903 = -3*x + 255. Let g be ((-21)/(-4))/((-6)/x). Suppose -g = m - 4*m. Calculate the remainder when m is divided by 16.
15
Calculate the remainder when ((-24)/14)/(-8 - (-3015)/378) is divided by 11.
6
Suppose 4*m + 32 = -5*w + 387, 2*m + 71 = w. Calculate the remainder when w is divided by 10.
1
Let i(y) = -19*y + 9. Let w(s) = -18*s + 9. Let l(c) = 3*i(c) - 4*w(c). Calculate the remainder when l(5) is divided by (-19 + 2)*(-1 - 1).
32
Let v = -55 - -55. Suppose 2*s = -4*x + 196, s - 2*x + v*x - 86 = 0. Calculate the remainder when s is divided by 19.
16
Let f(w) = -3*w - 167. Let g(l) = l + 84. Let r(d) = -3*f(d) - 5*g(d). What is the remainder when r(0) is divided by 42?
39
Suppose -3*a = 2*a - 330. Suppose 14 + 6 = -4*g, -2*g = -2*b + 38. What is the remainder when a is divided by b?
10
Calculate the remainder when ((-9)/(-5))/((-36)/(-300)) is divided by 5.
0
What is the remainder when (-2)/3 + 5 + 4939/33 is divided by 48?
10
Suppose -3*o = -0*o - 135. Calculate the remainder when 179 is divided by o.
44
Suppose 0 = -5*m + 4 + 1. Calculate the remainder when 1*76*(m + -2)*-1 is divided by 26.
24
Let n(h) = -h**3 - 11*h**2 + 106*h - 9. What is the remainder when 25 is divided by n(6)?
10
Let z(f) = -f**3 - 29*f**2 - 242*f - 5.